{"id":11313,"date":"2024-01-02T18:15:58","date_gmt":"2024-01-02T21:15:58","guid":{"rendered":"https:\/\/hificlub.com.br\/loja\/?post_type=product&#038;p=11313"},"modified":"2025-07-22T09:03:36","modified_gmt":"2025-07-22T12:03:36","slug":"nordost-valhalla-reference-cabo-de-caixa-1-metro","status":"publish","type":"product","link":"https:\/\/hificlub.com.br\/loja\/produto\/nordost-valhalla-reference-cabo-de-caixa-1-metro\/","title":{"rendered":"NORDOST VALHALLA REFERENCE Cabo de Caixa  &#8211; 1 metro"},"content":{"rendered":"<p><strong>O &#8220;som&#8221; do Valhalla \u00e9 um enigma. Mais do que quaisquer interconex\u00f5es e cabos de alto-falante que j\u00e1 usei, o Valhalla atinge o objetivo te\u00f3rico de ser um condutor neutro entre os componentes. A velocidade e a transpar\u00eancia percebidas do Valhalla s\u00e3o simplesmente as melhores que j\u00e1 ouvi, e sua recupera\u00e7\u00e3o de detalhes tamb\u00e9m \u00e9 superior \u00e0 de qualquer outro cabo que j\u00e1 usei. O Valkyrja \u00e9 muito pr\u00f3ximo ou id\u00eantico nesses aspectos, mas, por sua vez, n\u00e3o possui a sensa\u00e7\u00e3o realista de corpo do Valhalla, embora seja not\u00e1vel nesse aspecto e esteja um passo \u00e0 frente dos cabos de ponta anteriores da Nordost, Quattro-Fil e SPM Reference. N\u00e3o me refiro a algo semelhante \u00e0 plenitude valvulada aqui, mas sim ao peso e \u00e0 densidade, ambos soando totalmente consonantes com cada grava\u00e7\u00e3o, nem aditivos nem subtrativos. O Valhalla cria um palco sonoro positivamente amplo e arejado que testar\u00e1 a capacidade do seu equipamento de fazer o mesmo, e a reprodu\u00e7\u00e3o de camadas de instrumenta\u00e7\u00e3o por esses cabos \u00e9, novamente, inigual\u00e1vel na minha experi\u00eancia. Os cabos Nordost s\u00e3o frequentemente criticados por soarem intrinsecamente fracos, mas essa cr\u00edtica \u00e9 v\u00e1lida no caso do Valhalla somente quando comparado ao raro cabo que cruza a linha da neutralidade e entra no reino da plumposidade.<\/strong><\/p>\n","protected":false},"excerpt":{"rendered":"<p>O &#8220;som&#8221; do Valhalla \u00e9 um enigma. Mais do que quaisquer interconex\u00f5es e cabos de alto-falante que j\u00e1 usei, o Valhalla atinge o objetivo te\u00f3rico de ser um condutor neutro entre os componentes. A velocidade e a transpar\u00eancia percebidas do Valhalla s\u00e3o simplesmente as melhores que j\u00e1 ouvi, e sua recupera\u00e7\u00e3o de detalhes tamb\u00e9m \u00e9 [&hellip;]<\/p>\n","protected":false},"featured_media":11312,"template":"","meta":{"_acf_changed":false},"product_brand":[],"product_cat":[61,62,118],"product_tag":[],"class_list":{"0":"post-11313","1":"product","2":"type-product","3":"status-publish","4":"has-post-thumbnail","6":"product_cat-cabos","7":"product_cat-caixa","8":"product_cat-nordost","10":"first","11":"instock","12":"sold-individually","13":"shipping-taxable","14":"purchasable","15":"product-type-simple"},"acf":[],"aioseo_notices":[],"_links":{"self":[{"href":"https:\/\/hificlub.com.br\/loja\/wp-json\/wp\/v2\/product\/11313","targetHints":{"allow":["GET"]}}],"collection":[{"href":"https:\/\/hificlub.com.br\/loja\/wp-json\/wp\/v2\/product"}],"about":[{"href":"https:\/\/hificlub.com.br\/loja\/wp-json\/wp\/v2\/types\/product"}],"wp:featuredmedia":[{"embeddable":true,"href":"https:\/\/hificlub.com.br\/loja\/wp-json\/wp\/v2\/media\/11312"}],"wp:attachment":[{"href":"https:\/\/hificlub.com.br\/loja\/wp-json\/wp\/v2\/media?parent=11313"}],"wp:term":[{"taxonomy":"product_brand","embeddable":true,"href":"https:\/\/hificlub.com.br\/loja\/wp-json\/wp\/v2\/product_brand?post=11313"},{"taxonomy":"product_cat","embeddable":true,"href":"https:\/\/hificlub.com.br\/loja\/wp-json\/wp\/v2\/product_cat?post=11313"},{"taxonomy":"product_tag","embeddable":true,"href":"https:\/\/hificlub.com.br\/loja\/wp-json\/wp\/v2\/product_tag?post=11313"}],"curies":[{"name":"wp","href":"https:\/\/api.w.org\/{rel}","templated":true}]}}