{"id":11274,"date":"2024-01-02T18:15:46","date_gmt":"2024-01-02T21:15:46","guid":{"rendered":"https:\/\/hificlub.com.br\/loja\/?post_type=product&#038;p=11274"},"modified":"2025-10-10T11:07:24","modified_gmt":"2025-10-10T14:07:24","slug":"epson-powerlite-home-cinema-5030ub-3d-1080p-2400-lumins","status":"publish","type":"product","link":"https:\/\/hificlub.com.br\/loja\/produto\/epson-powerlite-home-cinema-5030ub-3d-1080p-2400-lumins\/","title":{"rendered":"Epson PowerLite Home Cinema 5030UB  3D 1080P  2400 Lumins"},"content":{"rendered":"<p>ESTADO 9\/10<\/p>\n<p>Projetor de home theater dedicado de alta defini\u00e7\u00e3o 2D e 3D com certifica\u00e7\u00e3o THX e n\u00edveis Ultra Black.<br \/>\nLeve a experi\u00eancia do cinema para casa com o Home Cinema 5030UB. Experimente incr\u00edveis aventuras cinematogr\u00e1ficas com desempenho 2D e 3D, Full HD 1080p. Filmes, eventos esportivos e videogames praticamente saltam da tela com 2400 l\u00famens de brilho de cor 1 e 2400 l\u00famens de brilho de branco 1 . Obtenha n\u00edveis de preto profundos com uma taxa de contraste de at\u00e9 600.000:1. O deslocamento horizontal e vertical da lente e uma taxa de zoom de 2,1x garantem flexibilidade de configura\u00e7\u00e3o em ambientes de instala\u00e7\u00e3o dif\u00edceis. E a certifica\u00e7\u00e3o de exibi\u00e7\u00e3o THX, o benchmark de desempenho reconhecido por consumidores e profissionais, garante texturas naturais e uma experi\u00eancia cinematogr\u00e1fica semelhante \u00e0 de um filme. Al\u00e9m disso, dois pares de \u00f3culos RF 3D est\u00e3o inclu\u00eddos, para que voc\u00ea esteja sempre pronto para experi\u00eancias 3D emocionantes.<\/p>\n<p>Cores at\u00e9 3x mais brilhantes com Epson *<br \/>\nQualidade de imagem brilhante requer alto brilho de cor. Os projetores Epson 3LCD t\u00eam at\u00e9 3x cores mais brilhantes do que os principais projetores concorrentes. * Oferecendo 2400 l\u00famens de brilho de cor 1 e 2400 l\u00famens de brilho de branco 1 , o PowerLite Home Cinema 5030UB usa tecnologia 3LCD de 3 chips para imagens brilhantes com cores realistas.<\/p>\n<p>Sistema de proje\u00e7\u00e3o : Epson 3LCD, motor \u00f3ptico de 3 chips<br \/>\nResolu\u00e7\u00e3o nativa : 1080p (1920 x 1080)<br \/>\nBrilho da cor : 2400 lumens 1<br \/>\nBrilho do branco : 2400 lumens 1<\/p>\n<p>Especifica\u00e7\u00f5es<\/p>\n<p>Sistema de Proje\u00e7\u00e3o: Epson 3LCD, 3-chip motor \u00f3ptico<\/p>\n<p>M\u00e9todo de proje\u00e7\u00e3o: montagem frontal \/ traseira \/ teto<\/p>\n<p>Cor do produto: Branco e preto<\/p>\n<p>Condu\u00e7\u00e3o M\u00e9todo: Epson Poly-sil\u00edcio TFT matriz ativa, painel de 0,74 polegadas de largura, com MLA<\/p>\n<p>Sa\u00edda projetada: HD, 2D, 3D, 1080p<\/p>\n<p>N\u00famero de pixels: 2.073.600 pontos (1920 x 1080) x 3<\/p>\n<p>Cor de brilho (Color Light Ouput): 2400 lumens 1<\/p>\n<p>Branco Brilho (Sa\u00edda de luz branca): 2400 lumens 1<\/p>\n<p>Aspect Ratio:<\/p>\n<p>Native 16: 9 widescreen<br \/>\nCompat\u00edvel com 4: 3<\/p>\n<p>Resolu\u00e7\u00e3o Nativa: 1080p (1920 x 1080)<\/p>\n<p>Redimensionar: 16:10, 4: 3<\/p>\n<p>Tipo de L\u00e2mpada: E-TORL \u2122 230 W UHE<\/p>\n<p>Vida da l\u00e2mpada:<\/p>\n<p>Modo ECO: At\u00e9 5000 horas 2<br \/>\nModo Normal: at\u00e9 4000 horas 2<\/p>\n<p>Faixa Throw Ratio: 1,34-2,87<\/p>\n<p>Tamanho (dist\u00e2ncia projetada): 30 &#8220;- 300&#8221;<\/p>\n<p>Corre\u00e7\u00e3o Keystone: Vertical: \u00b1 30 graus (Manual)<\/p>\n<p>Rela\u00e7\u00e3o de Contraste: at\u00e9 600.000: 1<\/p>\n<p>Reprodu\u00e7\u00e3o de Cor: At\u00e9 1070 milh\u00f5es cores<\/p>\n<p>Processamento de Cor: 10 bit<\/p>\n<p>Lente de proje\u00e7\u00e3o<br \/>\nTipo: Foco manual \/ zoom \u00f3ptico<\/p>\n<p>F-n\u00famero: 2,3-3,6<\/p>\n<p>Dist\u00e2ncia Focal: 22,5 mil\u00edmetros &#8211; 47,2 mil\u00edmetros<\/p>\n<p>R\u00e1cio Zoom: 1,0-2,1<\/p>\n<p>Deslocamento de Lente:<\/p>\n<p>Vertical: \u00b1 96,3<br \/>\nHorizontal: 47,1 \u00b1<\/p>\n<p>Lens Cover: Funciona, Slide Lens Shutter<\/p>\n<p>Outros<\/p>\n<p>Desempenho do Monitor: 1920 x 1080 nativo (1080p); HD, 2D, 3D, convers\u00e3o de 2D para 3D<\/p>\n<p>Modos de cores:<\/p>\n<p>2D: Din\u00e2mico, sala de estar, Natural, THX, Cinema, B &amp; W cinema<br \/>\n3D: Din\u00e2mico, Cinema, THX<\/p>\n<p>Filtrar Cinema: Ajusta automaticamente para o modo de cor;<br \/>\n(On: Natural \/ THX \/ Cinema \/ B &amp; W Cinema;<br \/>\nOff: Din\u00e2mico \/ Sala \/ 3D Din\u00e2mico \/ 3D Cinema \/ THX 3D)<\/p>\n<p>Auto Iris: Ajusta automaticamente a fonte de v\u00eddeo;<br \/>\nOff \/ On: Modo Normal, em 2D e 3D de alta velocidade ou<\/p>\n<p>Super Resolu\u00e7\u00e3o: 2D e 3D<\/p>\n<p>Sinal de entrada:<\/p>\n<p>Composto: NTSC \/ NTSC4,43 \/ PAL \/ PAL-M \/ N-PAL \/ PAL60 \/ SECAM<br \/>\nComponente: 480i \/ 576i \/ 480p \/ 576p \/ 720p \/ 1080i \/ 1080p<br \/>\nHDMI: TMDS<\/p>\n<p>Entradas de terminal:<\/p>\n<p>2 HDMI<br \/>\n1 RS-232C<br \/>\n1 RCA (composto)<br \/>\n3 RCA (componente)<br \/>\n1 VGA D-sub de 15 pinos (entrada de computador)<\/p>\n<p>Sa\u00eddas de terminal:<\/p>\n<p>Trigger On \/ Off (jack est\u00e9reo de 3,5 mm)<br \/>\n12 VDC 200 mA (m\u00e1x.)<\/p>\n<p>Compatibilidade Computador: PC, Mac \u00ae<\/p>\n<p>Temperatura de funcionamento: 41 \u00b0 a 95 \u00b0 F (5 \u00b0 C a 35 \u00b0 C)<\/p>\n<p>Tens\u00e3o de alimenta\u00e7\u00e3o: 100 &#8211; 240 VAC \u00b1 10%, 50\/60 Hz<\/p>\n<p>Consumo de energia:<\/p>\n<p>L\u00e2mpada na 350 W, l\u00e2mpada, (Eco) 280 W<\/p>\n<p>F\u00e3 de ru\u00eddo: 22 dB &#8211; 32 dB<\/p>\n<p>Seguran\u00e7a: Kensington Security Lock Porto<\/p>\n<p>Dimens\u00f5es<\/p>\n<p>P\u00e9s, incluindo: 18.34 &#8220;x 15.5&#8221; x 6.2 &#8220;(W x D x H)   47x40x16 cm<\/p>\n<p>P\u00e9s, com excep\u00e7\u00e3o: 18.34 &#8220;x 15.6&#8221; x 5.5 &#8220;(W x D x H)    47x40x14 cm<\/p>\n<p>Peso: 18,4 \u00a3  &#8211; 8,4kg<\/p>\n<p>Controle Remoto<\/p>\n<p>Caracter\u00edsticas: dianteiro e traseiro direcional<\/p>\n<p>\u00c2ngulo de opera\u00e7\u00e3o:<br \/>\nFrente: Direita \/ Esquerda: \u00b1 30 graus, superior \/ inferior: \u00b1 30 graus<br \/>\ntraseiros: Direita \/ Esquerda: \u00b1 30 graus, superior \/ inferior: + 10 &#8211; + 70 graus<\/p>\n<p>Dist\u00e2ncia de funcionamento: 32 p\u00e9s (10 metros)<\/p>\n","protected":false},"excerpt":{"rendered":"<p>ESTADO 9\/10 Projetor de home theater dedicado de alta defini\u00e7\u00e3o 2D e 3D com certifica\u00e7\u00e3o THX e n\u00edveis Ultra Black. Leve a experi\u00eancia do cinema para casa com o Home Cinema 5030UB. Experimente incr\u00edveis aventuras cinematogr\u00e1ficas com desempenho 2D e 3D, Full HD 1080p. Filmes, eventos esportivos e videogames praticamente saltam da tela com 2400 [&hellip;]<\/p>\n","protected":false},"featured_media":20201,"template":"","meta":{"_acf_changed":false},"product_brand":[],"product_cat":[214,86,85],"product_tag":[],"class_list":{"0":"post-11274","1":"product","2":"type-product","3":"status-publish","4":"has-post-thumbnail","6":"product_cat-elipson","7":"product_cat-projetor","8":"product_cat-video","10":"first","11":"instock","12":"sold-individually","13":"shipping-taxable","14":"purchasable","15":"product-type-simple"},"acf":[],"aioseo_notices":[],"_links":{"self":[{"href":"https:\/\/hificlub.com.br\/loja\/wp-json\/wp\/v2\/product\/11274","targetHints":{"allow":["GET"]}}],"collection":[{"href":"https:\/\/hificlub.com.br\/loja\/wp-json\/wp\/v2\/product"}],"about":[{"href":"https:\/\/hificlub.com.br\/loja\/wp-json\/wp\/v2\/types\/product"}],"wp:featuredmedia":[{"embeddable":true,"href":"https:\/\/hificlub.com.br\/loja\/wp-json\/wp\/v2\/media\/20201"}],"wp:attachment":[{"href":"https:\/\/hificlub.com.br\/loja\/wp-json\/wp\/v2\/media?parent=11274"}],"wp:term":[{"taxonomy":"product_brand","embeddable":true,"href":"https:\/\/hificlub.com.br\/loja\/wp-json\/wp\/v2\/product_brand?post=11274"},{"taxonomy":"product_cat","embeddable":true,"href":"https:\/\/hificlub.com.br\/loja\/wp-json\/wp\/v2\/product_cat?post=11274"},{"taxonomy":"product_tag","embeddable":true,"href":"https:\/\/hificlub.com.br\/loja\/wp-json\/wp\/v2\/product_tag?post=11274"}],"curies":[{"name":"wp","href":"https:\/\/api.w.org\/{rel}","templated":true}]}}