{"id":10028,"date":"2024-01-02T18:08:56","date_gmt":"2024-01-02T21:08:56","guid":{"rendered":"https:\/\/hificlub.com.br\/loja\/?post_type=product&#038;p=10028"},"modified":"2026-05-12T05:44:56","modified_gmt":"2026-05-12T08:44:56","slug":"bw-602-s3-sorrento","status":"publish","type":"product","link":"https:\/\/hificlub.com.br\/loja\/produto\/bw-602-s3-sorrento\/","title":{"rendered":"B&#038;W 602 S3 Black Ash"},"content":{"rendered":"<p>ESTADO 9\/10<\/p>\n<p>A B&amp;W tem uma reputa\u00e7\u00e3o muito s\u00f3lida em alto-falantes hi-fi de alto desempenho e pre\u00e7os acess\u00edveis, mas seu DM602 S3 tamb\u00e9m foi projetado para ser adequado para monitoramento de est\u00fadio de projetos. Um pouco mais alto que o monitor de campo pr\u00f3ximo m\u00e9dio (490 x 236 x 293 mm), o alto-falante passivo bidirecional foi projetado para montagem em suportes e est\u00e1 equipado com dois conjuntos de terminais robustos banhados a ouro para fia\u00e7\u00e3o dupla, embora os links sejam instalados para permitir conex\u00e3o regular de dois fios.<\/p>\n<p>As altas frequ\u00eancias s\u00e3o controladas por um tweeter com c\u00fapula de liga de uma polegada montado em uma placa frontal rasa e alargada, enquanto o driver de graves\/m\u00e9dios de sete polegadas tem um cone de Kevlar tecido com uma cobertura c\u00f4nica central contra poeira. O cone \u00e9 apoiado em uma borda de borracha laminada convencional e o gabinete possui uma porta moldada alargada na parte inferior do painel frontal. Um anel de montagem ao redor dos drivers de graves\/m\u00e9dios cria uma transi\u00e7\u00e3o suave entre a borda do driver e o defletor. Excepcionalmente, o defletor frontal tem uma superf\u00edcie de pl\u00e1stico moldado, o que lhe confere uma apar\u00eancia levemente \u201cconsumidora\u201d, e \u00e9 levemente curvado, o que deve ajudar na difra\u00e7\u00e3o das bordas. As tampas da grade de tecido est\u00e3o inclu\u00eddas, embora a maioria dos usu\u00e1rios de est\u00fadio prefira deix\u00e1-las de fora.<\/p>\n<p>A faixa de frequ\u00eancia \u00e9 especificada como -6dB em 43Hz e 30kHz, o que \u00e9 muito respeit\u00e1vel para um alto-falante deste tamanho, e os pontos de -3dB (que s\u00e3o a forma usual de especificar a resposta de frequ\u00eancia) est\u00e3o em 52Hz e 20kHz. Um fator importante nos alto-falantes passivos \u00e9 sua sensibilidade, porque os modelos insens\u00edveis exigem muito mais pot\u00eancia do amplificador para obter o n\u00edvel necess\u00e1rio. Felizmente, eles s\u00e3o muito eficientes (90dBSPL a um metro de 2,83V), portanto, mesmo um amplificador de pot\u00eancia de 50W por canal forneceria bastante espa\u00e7o livre. O fabricante recomenda uma classifica\u00e7\u00e3o de amplificador de 25W a 120W em 8\u03a9, mas \u00e9 melhor ficar longe das classifica\u00e7\u00f5es m\u00ednimas. A imped\u00e2ncia nominal dos alto-falantes \u00e9 de 8\u03a9, mas como sempre varia com a frequ\u00eancia e a imped\u00e2ncia m\u00ednima \u00e9 de 4,3\u03a9.<\/p>\n<p>O DM602 S3 possui terminais duplos banhados a ouro permitindo o uso de conex\u00f5es bi-cabeadas.<br \/>\nA frequ\u00eancia de crossover desses alto-falantes \u00e9 um pouco mais alta que o normal, em 4kHz, o que tem a vantagem de deixar a maior parte da faixa vocal vulner\u00e1vel controlada pelo driver de graves\/m\u00e9dios, em vez de ser dividida no meio.<\/p>\n<p>Especifica\u00e7\u00f5es<br \/>\nDM 602 S3 Alto-falante de caixa portada de 2 drivers e 2 vias<br \/>\nDrivers: tweeter de c\u00fapula de liga de 1&#8243;,<br \/>\ncone de graves\/m\u00e9dios de Kevlar tecido de 7&#8243;<br \/>\nResposta de frequ\u00eancia: 52Hz\u201320kHz, +\/-3dB no eixo de refer\u00eancia<br \/>\nFaixa de frequ\u00eancia: &#8211; 6dB @ 43Hz e 30kHz<br \/>\nDistor\u00e7\u00e3o harm\u00f4nica: &lt;1%, 2\u00ba e 3\u00ba harm\u00f4nicos (90dB\/m), 60Hz\u201320kHz<br \/>\nImped\u00e2ncia nominal : 8 ohms (m\u00ednimo 4ohms)<br \/>\nFrequ\u00eancia de crossover: 4kHz<br \/>\nPot\u00eancia recomendada do amplificador: 25\u2013120W em 8ohms<br \/>\nSensibilidade: 90dB \/2,83 V\/m<br \/>\nDimens\u00f5es: 19,3&#8243; x 9,3&#8243; x 11,5&#8243; (AxLxP)<br \/>\nPeso: 23,1 lbs<\/p>\n","protected":false},"excerpt":{"rendered":"<p>ESTADO 9\/10 A B&amp;W tem uma reputa\u00e7\u00e3o muito s\u00f3lida em alto-falantes hi-fi de alto desempenho e pre\u00e7os acess\u00edveis, mas seu DM602 S3 tamb\u00e9m foi projetado para ser adequado para monitoramento de est\u00fadio de projetos. Um pouco mais alto que o monitor de campo pr\u00f3ximo m\u00e9dio (490 x 236 x 293 mm), o alto-falante passivo bidirecional [&hellip;]<\/p>\n","protected":false},"featured_media":42801,"template":"","meta":{"_acf_changed":false},"product_brand":[],"product_cat":[19,25,17],"product_tag":[],"class_list":{"0":"post-10028","1":"product","2":"type-product","3":"status-publish","4":"has-post-thumbnail","6":"product_cat-bw","7":"product_cat-bookshelf","8":"product_cat-caixas","10":"first","11":"instock","12":"sold-individually","13":"shipping-taxable","14":"purchasable","15":"product-type-simple"},"acf":[],"aioseo_notices":[],"_links":{"self":[{"href":"https:\/\/hificlub.com.br\/loja\/wp-json\/wp\/v2\/product\/10028","targetHints":{"allow":["GET"]}}],"collection":[{"href":"https:\/\/hificlub.com.br\/loja\/wp-json\/wp\/v2\/product"}],"about":[{"href":"https:\/\/hificlub.com.br\/loja\/wp-json\/wp\/v2\/types\/product"}],"wp:featuredmedia":[{"embeddable":true,"href":"https:\/\/hificlub.com.br\/loja\/wp-json\/wp\/v2\/media\/42801"}],"wp:attachment":[{"href":"https:\/\/hificlub.com.br\/loja\/wp-json\/wp\/v2\/media?parent=10028"}],"wp:term":[{"taxonomy":"product_brand","embeddable":true,"href":"https:\/\/hificlub.com.br\/loja\/wp-json\/wp\/v2\/product_brand?post=10028"},{"taxonomy":"product_cat","embeddable":true,"href":"https:\/\/hificlub.com.br\/loja\/wp-json\/wp\/v2\/product_cat?post=10028"},{"taxonomy":"product_tag","embeddable":true,"href":"https:\/\/hificlub.com.br\/loja\/wp-json\/wp\/v2\/product_tag?post=10028"}],"curies":[{"name":"wp","href":"https:\/\/api.w.org\/{rel}","templated":true}]}}