{"id":10014,"date":"2024-01-02T18:08:53","date_gmt":"2024-01-02T21:08:53","guid":{"rendered":"https:\/\/hificlub.com.br\/loja\/?post_type=product&#038;p=10014"},"modified":"2024-10-07T16:59:18","modified_gmt":"2024-10-07T19:59:18","slug":"velodyne-eq-max-10-350-watts","status":"publish","type":"product","link":"https:\/\/hificlub.com.br\/loja\/produto\/velodyne-eq-max-10-350-watts\/","title":{"rendered":"VELODYNE EQ MAX 10 350 watts"},"content":{"rendered":"<p>ESTADO 9\/10<\/p>\n<p>Velodyne EQ Max10 Preto<\/p>\n<p>Nova linha de caixas da especialista americana do g\u00eanero, com a s\u00e9rie Velodyne EQMax. O Velodyne EQMax 10 est\u00e1 equipado com um alto-falante de 25 cm de di\u00e2metro com motor superdimensionado e cone de fibra sint\u00e9tica refor\u00e7ada de longa excurs\u00e3o. Portanto, a V\u00e9lodyne n\u00e3o deixou nada ao acaso e o amplificador classe D oferece at\u00e9 390 watts de pico, garantindo sess\u00f5es de cinema impressionantes. Por\u00e9m, o Velodyne EQMax 10 n\u00e3o ignora a musicalidade. Ponto forte: a presen\u00e7a de um controle remoto e um microfone de calibra\u00e7\u00e3o (automatizado). Assim, o subwoofer adapta-se rapidamente a qualquer sala de audi\u00e7\u00e3o. Al\u00e9m disso, v\u00e1rios modos de audi\u00e7\u00e3o podem ser ativados no controle remoto (rock, jazz, cinema, noite). O display LCD frontal \u00e9 um recurso valioso nesse sentido. O Velodyne EQMax 10 \u00e9 extremamente eficaz e far\u00e1 voc\u00ea redescobrir seus discos e filmes gra\u00e7as a uma base s\u00f3lida nas baixas frequ\u00eancias.<\/p>\n<p>Caracter\u00edsticas<br \/>\nDriver: excurs\u00e3o longa de 10&#8243; Cone<br \/>\nrefor\u00e7ado com fibra sint\u00e9tica<br \/>\nBobina de voz de cobre de camada dupla \u00cdm\u00e3<br \/>\ngrande<br \/>\nCarregamento de reflexo de graves<br \/>\nGrande porta voltada para o ch\u00e3o<\/p>\n<p>Pico de 390 watts (195 W RMS) Amplificador classe D<br \/>\nResposta de frequ\u00eancia: 28 &#8211; 120 Hz (+ \/-3 dB)<\/p>\n<p>Filtro passa-alto a 80 Hz (6 dB\/oitava) para sa\u00edda de alto-falante<br \/>\nFiltro passa-baixo ajust\u00e1vel de 40 a 135 Hz (12 dB oitava, 24 dB final)<\/p>\n<p>Entradas de linha revestidas ou<br \/>\nblocos terminais HP<\/p>\n<p>Fase digital ajust\u00e1vel: 0 , 90, 180 e 270 graus<\/p>\n<p>Liga\u00e7\u00e3o: Auto On\/Off<br \/>\nVisor LED<\/p>\n<p>Microfone de calibra\u00e7\u00e3o e suporte<br \/>\nControle remoto<\/p>\n<p>Dimens\u00f5es (lxhxd): 38,7 x 42,5 x 43,1 cm<br \/>\nPeso: 23 kg<\/p>\n","protected":false},"excerpt":{"rendered":"<p>ESTADO 9\/10 Velodyne EQ Max10 Preto Nova linha de caixas da especialista americana do g\u00eanero, com a s\u00e9rie Velodyne EQMax. O Velodyne EQMax 10 est\u00e1 equipado com um alto-falante de 25 cm de di\u00e2metro com motor superdimensionado e cone de fibra sint\u00e9tica refor\u00e7ada de longa excurs\u00e3o. Portanto, a V\u00e9lodyne n\u00e3o deixou nada ao acaso e [&hellip;]<\/p>\n","protected":false},"featured_media":10013,"template":"","meta":{"_acf_changed":false},"product_brand":[],"product_cat":[17,36,143],"product_tag":[],"class_list":{"0":"post-10014","1":"product","2":"type-product","3":"status-publish","4":"has-post-thumbnail","6":"product_cat-caixas","7":"product_cat-subwoofer","8":"product_cat-velodyne","10":"first","11":"instock","12":"sold-individually","13":"shipping-taxable","14":"purchasable","15":"product-type-simple"},"acf":[],"aioseo_notices":[],"_links":{"self":[{"href":"https:\/\/hificlub.com.br\/loja\/wp-json\/wp\/v2\/product\/10014","targetHints":{"allow":["GET"]}}],"collection":[{"href":"https:\/\/hificlub.com.br\/loja\/wp-json\/wp\/v2\/product"}],"about":[{"href":"https:\/\/hificlub.com.br\/loja\/wp-json\/wp\/v2\/types\/product"}],"wp:featuredmedia":[{"embeddable":true,"href":"https:\/\/hificlub.com.br\/loja\/wp-json\/wp\/v2\/media\/10013"}],"wp:attachment":[{"href":"https:\/\/hificlub.com.br\/loja\/wp-json\/wp\/v2\/media?parent=10014"}],"wp:term":[{"taxonomy":"product_brand","embeddable":true,"href":"https:\/\/hificlub.com.br\/loja\/wp-json\/wp\/v2\/product_brand?post=10014"},{"taxonomy":"product_cat","embeddable":true,"href":"https:\/\/hificlub.com.br\/loja\/wp-json\/wp\/v2\/product_cat?post=10014"},{"taxonomy":"product_tag","embeddable":true,"href":"https:\/\/hificlub.com.br\/loja\/wp-json\/wp\/v2\/product_tag?post=10014"}],"curies":[{"name":"wp","href":"https:\/\/api.w.org\/{rel}","templated":true}]}}